the tens digit of 23286/h - (-17)/(-34)?
4
Let l be 4/(-7) + 1817/7. Let v = 609 - l. What is the hundreds digit of v?
3
Let r be (18/4)/(-3) + 1256/16. Suppose 2*t = 9*t - r. Suppose -2*q = l - 17 - t, 0 = 3*l - 2*q - 68. What is the tens digit of l?
2
Suppose 2*c = c - 3115. Let y = -2135 - c. What is the tens digit of y?
8
Let v be ((-6)/5)/(1/(-90)) - -4. Suppose v = -p - s, -2*s - 453 = 4*p + s. Let b = p + 210. What is the units digit of b?
3
Let n(w) = -w**2 - 20*w - 40. Let z be n(-18). Let s be 306 - z*(-3)/4. Suppose 5*b = s + 182. What is the tens digit of b?
9
Let t(g) = 12*g - 27. Let n be t(5). Let h be (n/22)/(1/(-40)). What is the tens digit of ((-375)/h)/(2/32)?
0
Suppose n + 6 = 2*i + 2*i, -3*i + 9 = 0. Let s(h) = 2*h - 7. Let b be s(n). Suppose b*d - 156 = -d. What is the units digit of d?
6
Suppose 2*q + q - 79854 = 0. What is the tens digit of q?
1
Let o(q) = 5464*q**3 + 4*q**2 - 7*q + 3. What is the units digit of o(1)?
4
Suppose -s - 16 = -9*s. Suppose s*r = -136 + 478. What is the units digit of r?
1
Suppose 238149 = 28*n + 7597. What is the units digit of n?
4
Suppose -9*y - 261 = -0*y. Let w(s) = s**3 + 30*s**2 + 14*s - 63. What is the tens digit of w(y)?
7
Let f = 47 - 48. Let c be -3 - (f - 0)*(7 - -5). Suppose 17*n - c = 16*n. What is the units digit of n?
9
Let u = -74 + 98. What is the tens digit of ((-5)/((-25)/(-895)))/((-8)/u)?
3
Let k(g) = -g + 8. Let l be k(-2). Suppose 0 = l*u - 5*u - 5. Let n(s) = 130*s - 5. What is the units digit of n(u)?
5
Let z = -1399 - -7739. What is the hundreds digit of z?
3
Suppose 12700 = 5*y - 5*f, -f - 1923 = -4*y + 8225. What is the tens digit of y?
3
Suppose 2*x - q - 4597 = -x, 3*x = 2*q + 4595. Suppose -15*a = -72 - x. What is the tens digit of a?
0
Suppose -9*t + 2236 = -1598. Let l(q) = 425*q + 41 + 9 - t*q. What is the units digit of l(20)?
0
Let l = 22763 + -11551. What is the ten thousands digit of l?
1
Let b(l) = -8*l**3 + 45*l**2 - 10*l - 7. Let v be b(5). Let t be 3 - (-3)/(3/1). Suppose -k - t*k = 5*z - 315, z - v = -2*k. What is the units digit of z?
8
Let w = 20712 - 8926. What is the hundreds digit of w?
7
Let b be (7 + (-20)/12)*3. Suppose b*t = 10845 + 1603. What is the units digit of t?
8
Let h(c) = 4518*c + 1002. What is the hundreds digit of h(6)?
1
Let j(u) be the first derivative of -1/3*u**3 + 15 + 2*u**2 + 1/2*u**4 + 6*u. What is the tens digit of j(5)?
5
Suppose 5 = p, 2*d = 2*p - 6*p + 896. Let x = d + -98. What is the tens digit of x?
4
Suppose 0 = 134*x - 2442495 + 1465566 - 2279271. What is the tens digit of x?
0
Suppose -1742 = -2*k - n, -3*k + 3*n + 1283 + 1312 = 0. Let a(p) = p - 1. Let g be a(5). Suppose g*i = -20, -2*i + 31 + k = 5*v. What is the units digit of v?
2
Let z(l) = -l**3 - 17*l**2 - 2*l - 3. Let x be z(-17). Suppose -33*m + x*m = -1288. What is the hundreds digit of m?
6
Let q(c) = 738*c + 389. What is the thousands digit of q(6)?
4
Let b = 7840 - 5726. What is the thousands digit of b?
2
Suppose 19*z = -15*z + 13*z + 267750. What is the units digit of z?
0
Let x(v) = 663*v**2. Let j be x(1). Let s = 1339 + -677. Suppose -2*c = -4*u + c + j, 2*c = 4*u - s. What is the hundreds digit of u?
1
Suppose 34 - 199 = -3*v. Let m = 111 + v. Let t = 350 - m. What is the hundreds digit of t?
1
Let h(p) = -p**3 + 6*p**2 - 3*p - 6. Let r be h(5). Let g = -26 + r. Let x = g - -42. What is the units digit of x?
0
What is the tens digit of (-17603)/(-2) + (-73)/(-146)?
0
Suppose 2*k = -u + 49, -4*k - 2*u + 6*u = -92. Suppose -12 = -12*s + k. Suppose -s*o - 3*p = -6*p - 153, 0 = -4*o + 3*p + 205. What is the units digit of o?
2
Let k(i) = -2*i - i + 22 - 40 + 16. Suppose -5*r - 45 = -5*u, 2*u + 0*u = r + 12. What is the tens digit of k(r)?
1
Let g be 321/(-3) - (-7 + 2). Let h = g + 120. What is the units digit of h?
8
Let s(r) = r**3 + 2*r**2 - 15*r + 4. Let w be s(-5). Suppose -2*d + 2*x + 222 = 18, w*d + 4*x = 368. What is the tens digit of d?
9
Suppose 3*o + 3*d - 27 = 0, -3*d = o + 3 - 18. Let j be (-12)/(-14)*o*168/36. Suppose -19*a + j*a = 420. What is the tens digit of a?
8
Suppose -u - 1425 = -3*l + 2*u, 0 = -4*l + 5*u + 1895. Suppose -3*h = 2*m - 637, 5*m = -h + l + 1132. What is the units digit of m?
3
Let r = 74 - 25. Let w = r + -14. Let m = w - 0. What is the tens digit of m?
3
Let x = 184 - 22. Let l = x + -85. Suppose 0 = -2*r + 3*i + l, 2*r + r + 3*i = 93. What is the tens digit of r?
3
Let u(g) = 39 - 26 - 24*g + 18*g - 138*g. What is the hundreds digit of u(-1)?
1
Let k = 88998 - 39897. What is the hundreds digit of k?
1
Let l(w) = 2*w**2 - 7*w + 16. Let b(u) = u**2 - 7*u + 16. Let r(p) = -3*b(p) + 2*l(p). Let t be r(-9). What is the units digit of (t/(-6))/((-2)/12)?
2
Let a(p) = 2812*p**2 + 152*p - 640. What is the hundreds digit of a(5)?
4
Suppose -13*a + 16*a + 60 = 0. What is the units digit of (-246)/(-16)*a/(-15)*24?
2
Let a(m) = m**3 + 11*m**2 - 14*m - 18. Let y be a(-12). Let i be 153/3 + -8 + y. Suppose 2*l = -i + 167. What is the tens digit of l?
5
Let l = 1295 - 1948. Let p = -88 - l. What is the tens digit of p?
6
Let w be (376/(-10))/((-1)/5). Suppose 3*b + 7*n = 3*n - 190, 0 = 3*b + 2*n + w. Let g = 41 - b. What is the hundreds digit of g?
1
Let k = -7818 - -16121. What is the thousands digit of k?
8
Suppose 0 = 3*s - 14*s + 3311. Let a = s + 648. What is the tens digit of a?
4
Suppose -8372 = -46*z + 18*z. Let n = 451 - z. What is the units digit of n?
2
Suppose 1541 = 5*j - 79. Suppose 169 - 7 = -2*a + v, j = -4*a - 5*v. Let t = 5 - a. What is the units digit of t?
6
Let h = 68873 - 48503. What is the hundreds digit of h?
3
Suppose 19*p = 21584 - 26535 + 89482. What is the units digit of p?
9
Let b(f) = -2*f**3 - f**2 - f - 1. Let g(p) = p**3 - 21*p**2 + 20*p - 1. Let r be g(20). Let n be b(r). What is the units digit of (1 + -3)*n + 116 + 0?
4
Let k be ((-30)/25)/(3/((-225)/10)). Suppose s - 912 = 4*a, 11*s - 2*a = k*s + 1812. What is the tens digit of s?
0
Let o(j) = 603*j**2 - 90*j - 3. What is the units digit of o(-3)?
4
Let z = 11835 + -6743. What is the thousands digit of z?
5
Let h = -752 - -728. What is the thousands digit of 127792/96 + (-20)/h?
1
Suppose -3*x = 4*l - 83503, -6*x + 104399 = -9*l + 14*l. What is the units digit of l?
9
What is the thousands digit of (8/28 - (-6 + (-96)/(-21)))*2996?
5
Let a(j) = 13*j - 1. Let y be a(-3). What is the tens digit of 4582/10 - y/50?
5
Let r(j) be the first derivative of 237*j**2 + 6*j - 145. What is the units digit of r(1)?
0
Suppose 7*c - 4 = 9*c - 4*k, 4*c - 4*k + 4 = 0. Suppose 3*o = 5*p + 118, -5*o + 4*p = 48 - 249. Suppose c = -b - o + 98. What is the tens digit of b?
5
Suppose 10*j - 7212 = -2*p + 5*j, 0 = -p - 2*j + 3604. Let l = p + -2458. What is the hundreds digit of l?
1
Suppose -90 = -19*s + 9*s. Suppose s*l = 8*l + 99. Let p = l + -69. What is the units digit of p?
0
Suppose 4164 = 5*h - 4546. What is the units digit of h?
2
Let m(d) = -4*d + 40. Let c(i) = i**3 + 7*i**2 + 10*i + 17. Let v be c(-6). What is the tens digit of m(v)?
6
Suppose 162 = -5*w + 4*u, -137 + 7 = 4*w - 3*u. Let a = w - -32. Let i(d) = 32*d**2 - 3*d - 1. What is the hundreds digit of i(a)?
1
Suppose -21*o + 20*o = 5*a - 314, 572 = 2*o - 4*a. Let s = o + 611. What is the hundreds digit of s?
9
Suppose 22700 - 431108 = -56*r. What is the tens digit of r?
9
Suppose -78448 + 263984 = 32*f. What is the hundreds digit of f?
7
Let p(d) = -5515*d**3 + 6*d**2 + 24*d + 35. Let n(y) = 1103*y**3 - y**2 - 5*y - 7. Let a(s) = -11*n(s) - 2*p(s). What is the tens digit of a(-1)?
0
What is the units digit of (-63)/(30303/74) + 1446696/26?
2
Suppose -5*t + 3755 = g, 34*g - 36*g - 1490 = -2*t. Let f = t + -488. What is the tens digit of f?
6
Suppose c - 322 = -c. Suppose -4*j + 1425 - c = 0. Suppose x = -3*x + j. What is the tens digit of x?
7
Let i = -73 + 76. Suppose -i*d - 105 + 30 = 0. Let j = d + 41. What is the tens digit of j?
1
Let s(b) = 13*b**2 - 111*b + 1171. What is the thousands digit of s(51)?
9
Let y = -13 - -9924. What is the units digit of y?
1
Suppose z + 12917 = x, -4*z - 125 = x - 13067. What is the hundreds digit of x?
9
Let i be 4/(24/774) - 6. Suppose -129*l = -i*l - 1164. What is the tens digit of l?
9
Let h(m) = -109*m + 899. What is the hundreds digit of h(-34)?
